Suppose x + 77 = 4*x + 5*t, 0 = x + 4*t - 14. Calculate the highest common divisor of x and 136.
34
Let b(l) = 2*l**3 - 3*l**2 - 3*l. Let a be b(3). Let n(p) = 253 - 125 - 127 + 44*p. Let y be n(1). What is the greatest common factor of a and y?
9
Let i(v) = -2*v**2 + 7*v - 4. Let r be i(5). Let c = r - -22. What is the greatest common divisor of c and 33?
3
Suppose 5*y = 30 + 25. Let o be 22/y*(2 + -1). Calculate the highest common divisor of 2 and o.
2
Let y = 84 - 77. Let m(u) = 3*u - 17. Let x be m(8). What is the greatest common divisor of x and y?
7
Let x(g) = g**3 + 4*g**2 - 5*g + 4. Let r be x(-5). Let z = -59 - -65. What is the highest common factor of z and r?
2
Suppose -29 = -v + u, -u - 84 = -3*v + 3*u. Let g = 30 - 28. Calculate the greatest common factor of v and g.
2
Let b be 76/18 - (-1)/(27/(-6)). Calculate the highest common factor of b and 40.
4
Let l(i) be the second derivative of -i**4/12 - i**3/3 + 3*i**2 - i. Let x be l(4). Let b be 1*-42*x/21. Calculate the greatest common divisor of 12 and b.
12
Let u(h) be the first derivative of h**4/4 + 2*h**3 + 3*h**2/2 - 2*h + 17. Let g be u(-5). Calculate the highest common divisor of g and 6.
2
Suppose 201*x - 578 = 167*x. Suppose 3*c - 873 = 2*s, -c + 129 = 4*s - 148. Calculate the highest common factor of c and x.
17
Let q be 1 + 0 + 0 + 51 + 4. Suppose 4*m = 0, -q = -5*b + b + 2*m. What is the highest common factor of b and 98?
14
Let c be 386 + (-18)/(6 + -4). Calculate the greatest common factor of 52 and c.
13
Suppose 0 = -3*b + 9, 3*g = 4*g - 2*b + 1. Let m = -28 - -64. Suppose g*i - m = -i. What is the highest common divisor of i and 18?
6
Let x be (60/3)/(-2) + 1. Let g be 1*(18 + x/3). Let b = 15 + 0. Calculate the greatest common factor of b and g.
15
Let w be 3 + (4 - 8) + 209. What is the highest common factor of 26 and w?
26
Let k = -306 - -309. What is the highest common factor of k and 9?
3
Let l(o) = o**3 + 7*o**2 - 2*o + 2. Suppose 0 = 3*t + 2*c + 13, -12 = -3*c. Let p be l(t). Let i = 2 + 0. What is the highest common divisor of i and p?
2
Let g(p) = p**2 + 25*p + 132. Let z be g(-20). Suppose -x + 5*x - 640 = 0. What is the greatest common factor of z and x?
32
Let g be 54/4*(-78)/(-117). Calculate the greatest common divisor of g and 783.
9
Suppose 4*g - 10 = -5*u + 20, -5*g = 0. Calculate the greatest common divisor of u and 162.
6
Suppose -2*d + 54 = 34*g - 32*g, 3*d - 46 = 4*g. Calculate the greatest common divisor of d and 4.
2
Let h(x) = x**3 + 6*x**2 + 3*x - 9. Let w be h(-5). Let f be (-1 - -4) + -2 + 0. Calculate the greatest common divisor of f and w.
1
Let t(v) = 3*v**3 + 20*v**2 - 6*v + 7. Let i be t(-7). Let y = -68 - -110. Suppose i = 4*c - y - 102. Calculate the highest common divisor of 18 and c.
18
Suppose -3*b + 3*m + 1566 = 0, -3*b + 439 + 1123 = -2*m. What is the greatest common divisor of b and 14?
14
Suppose -4*h + p + 21 = -h, 3*h + 2*p - 12 = 0. Suppose -w = -1 - h. Let l be (w + 3)/(4/26). Calculate the greatest common factor of 13 and l.
13
Let d = 26 + -24. Suppose -93 = -d*h + 3*y, 4*y = 3*h - 70 - 68. What is the greatest common factor of h and 210?
42
Let k(q) = -q + 25. Let m be k(20). Suppose m*j + 252 = 9*j. Calculate the greatest common divisor of j and 7.
7
Let h(n) = n**3 - n**2 - n + 130. Let s be h(0). Suppose 2*c - c = -56. Let y = 82 + c. What is the highest common divisor of y and s?
26
Let t = 22 + -20. Suppose -810 = -u - t*u. Suppose 22 = 2*q - 38. What is the greatest common divisor of q and u?
30
Let h = 1300 - 996. What is the highest common factor of h and 19?
19
Suppose 5*a = 6*a. Let w = a - -5. Suppose w*g = -5*u + 25, 3*u - 2*g = -2 + 22. Calculate the greatest common factor of u and 2.
2
Let z(g) = g**2 - 7*g + 7. Let y be z(-6). Suppose i - 18 = -14. Suppose k - 67 = -i*h, -3*k + 57 = 5*h - 25. Calculate the greatest common factor of h and y.
17
Let w = -156 + 222. Calculate the greatest common factor of w and 1298.
22
Let r be 828/8 + 57/38. What is the highest common divisor of r and 75?
15
Let t = 206 + -163. Calculate the greatest common divisor of 344 and t.
43
Let b = 37 + -35. Let r = 4 - b. Calculate the greatest common factor of 18 and r.
2
Suppose 0 = -5*b - 3*s + 12, -18 = -5*b + 5*s + 2. Suppose -b*z = -2*z - 39. Suppose -5*c = -66 - z. Calculate the highest common divisor of c and 14.
7
Let j(x) = -58*x + 366. Let i be j(4). Calculate the greatest common factor of i and 1541.
67
Let o(a) = -a**3 - 3*a**2 + a + 3. Let u be o(-5). Calculate the greatest common divisor of u and 60.
12
Let n = 35 + -55. Let t be (2 + -70)*10/n. What is the greatest common factor of t and 306?
34
Suppose -58*u + 4998 + 4282 = 0. What is the highest common factor of u and 96?
32
Suppose -4*p = 0, k + 2*k - 2*p - 15 = 0. Let i be (k + 2)*((-72)/(-28) - 0). Calculate the greatest common factor of 126 and i.
18
Suppose 5 = -5*h, -2*m + 545 - 213 = 4*h. Let d be (6/8)/((-1)/(-28)). Calculate the highest common factor of d and m.
21
Suppose 0 = 3*g - 8 - 34. Suppose 19 = 3*l - g. Let i(y) = y**2 - 9*y + 9. Let q be i(8). Calculate the greatest common divisor of q and l.
1
Suppose 3*c = -4*t + 1603, 3*t - 3*c = -0*t + 1218. Calculate the highest common factor of 13 and t.
13
Suppose 3*j = -t - 9, -3*t - 3*j = -j - 1. Let o(n) = -n**2 + 6*n + 28. Let i be o(8). What is the highest common factor of t and i?
3
Suppose -n + 567 - 87 = -2*p, -2*n + 976 = 4*p. What is the highest common divisor of n and 66?
22
Suppose -13*c + 11*c - 108 = 0. Let k = c - -68. Calculate the highest common divisor of k and 14.
14
Let x(q) = -3*q**3 - 21*q - 4 + 24*q - 4*q**2 + 2*q**3. Let w be x(-5). What is the highest common factor of 15 and w?
3
Let v = 1488 + -1150. What is the highest common divisor of 52 and v?
26
Suppose 21*g = 84*g - 1449. Calculate the highest common factor of g and 23.
23
Suppose -3*t + 323 - 80 = 0. Suppose -t - 769 = -5*j. Calculate the highest common factor of j and 10.
10
Suppose 2*y = 5*b + 22, b = 8*y - 3*y - 101. Let f be (-4)/12 - (-60)/18. Let v be (240/28)/(f/y). What is the greatest common factor of v and 15?
15
Suppose 0*k - 6 = -2*k. Let w = 219 + -176. Let y be w/k + 4/6. What is the highest common factor of y and 15?
15
Let v = 17 + 23. Suppose 0 = -5*a + 10*a. Suppose a = -3*h + 16 + 14. Calculate the highest common factor of v and h.
10
Let b = 255 + -205. Calculate the greatest common factor of b and 25.
25
Let l(h) = h**3 - 2*h**2 - 3*h. Let w be l(3). Suppose 0*j - 5*j - 85 = w. Let q = 72 + j. Calculate the highest common factor of q and 5.
5
Let c(r) = -4*r + 88. Let l be c(15). What is the greatest common factor of l and 21?
7
Let v be (-3)/(-1)*84/(-18). Let o = v - -11. Let g be o*(392/12)/(-7). What is the highest common factor of g and 2?
2
Suppose 0 = 4*k - 5*c - 10636, -2*k + 5*c = -6*k + 10676. Calculate the greatest common divisor of k and 72.
72
Suppose 0 = 30*s - 11 - 499. Suppose -4*l - 3*f = -0*f - 606, 449 = 3*l + 5*f. What is the greatest common factor of l and s?
17
Suppose 8*u + 138 - 42 = 0. Let t be 22 + 9/(27/u). Calculate the highest common divisor of t and 126.
18
Suppose -p - 3 = 2, z = 3*p + 71. Suppose 7*s - 154 = -z. Calculate the highest common factor of 56 and s.
14
Suppose a + 18 = 21. Suppose -29 = -a*y - 2. Suppose y*r + 70 = 10*r. What is the greatest common factor of r and 10?
10
Let y(k) = -3*k**3 + 2. Let p be y(-4). Suppose -26 + p = -6*q. Let g = q - -63. What is the highest common divisor of 14 and g?
7
Let s(o) = 11*o - 28. Let w be s(4). Suppose -4*y - 4*k + 2*k + 4 = 0, -6 = 3*k. What is the greatest common divisor of y and w?
2
Suppose -216 = -4*b - 2*b. What is the highest common divisor of 164 and b?
4
Let v(r) = 10*r**2 - 4*r - 33. Let n be v(-4). What is the greatest common factor of 13 and n?
13
Let f(k) = -k**3 + 9*k - 12. Let o be f(-6). Calculate the greatest common factor of 780 and o.
30
Let j be (66/(-88))/((-1)/88 - 0). Calculate the highest common factor of 24 and j.
6
Suppose -4*i + a + a + 36 = 0, 45 = 3*i + 3*a. Suppose -r + 0*n = -2*n - i, -5*n + 55 = 5*r. Calculate the highest common divisor of r and 44.
11
Suppose -52*x = -51*x - 14. Let b be ((-24)/(-84))/(0 - (-2)/x). What is the greatest common factor of b and 4?
2
Suppose -30*p + 